Let x(k) = -k**2 + 338*k - 17190. Determine x(63).
135
Let f(k) = -118*k + 1302. Calculate f(-10).
2482
Let k(j) = 1092749*j + 17483991. Determine k(-16).
7
Let l(p) = 22*p**2 + 8050*p - 917. Calculate l(-366).
-185
Let j(v) = 15*v**2 + 156*v - 167. What is j(-5)?
-572
Let v(n) = 2*n**3 + 43*n**2 + 249*n + 5308. Determine v(-22).
-654
Let f(x) = -1384*x - 32025. Determine f(-23).
-193
Let i(s) = s**2 + 17264*s + 7599028. Calculate i(-452).
4
Let v(d) = d**3 - 3505*d**2 + 45401*d - 66. Determine v(13).
-1
Let t(q) = 44*q**2 - 327*q - 3068. Determine t(-8).
2364
Let x(z) = 4*z**3 + 318*z**2 - 4351*z - 86. Determine x(12).
406
Let o(f) = -f**2 + 6129*f + 635571. What is o(-102)?
9
Let q(u) = 2*u**3 + 774*u**2 + 2327*u + 8855. What is q(-384)?
23
Let t(s) = 3*s**3 - 645*s**2 + 1281*s - 717. Determine t(213).
-78
Let i(n) = 2714*n + 173682. Give i(-64).
-14
Let o(x) = -x**3 - 9*x**2 + 798*x + 119. Determine o(24).
263
Let z(f) = f**2 + 239*f - 32938. Calculate z(99).
524
Let y(w) = 5022*w - 2104212. Give y(419).
6
Let d(v) = 119*v**2 - 1594*v + 26. Give d(13).
-585
Let a(k) = -3*k**2 + 407*k + 12208. Calculate a(161).
-28
Let u(c) = -c**3 - 65*c**2 + 642*c - 191. Calculate u(-74).
1585
Let y(f) = 668*f + 108189. Calculate y(-162).
-27
Let k(l) = -205*l + 16291. Determine k(77).
506
Let z(a) = a**3 + 52*a**2 + 465*a - 534. Calculate z(-13).
12
Let y(m) = -m**3 + 58*m**2 - 256*m + 5007. Give y(55).
2
Let q(c) = -c**2 - 575*c + 471626. Calculate q(-1032).
2
Let l(i) = 3798*i - 68422. Give l(18).
-58
Let l(d) = -d**3 + 328*d**2 - 983*d + 107919. What is l(326)?
13
Let w(i) = -21*i**3 - 3192*i**2 + 13*i + 1973. What is w(-152)?
-3
Let k(j) = 2*j**3 - 6*j**2 - 52806*j + 360. Give k(-161).
38
Let p(z) = -z**3 + 21*z**2 - 58*z + 199. Give p(19).
-181
Let q(x) = -22*x**2 - 163*x + 964. Give q(4).
-40
Let t(d) = 1100991*d + 23120815. Calculate t(-21).
4
Let p(y) = -102963*y + 1132584. Determine p(11).
-9
Let x(s) = 33*s**2 - 14806*s - 19819. Give x(450).
-19
Let f(w) = 2*w**3 - 265*w**2 + 3258*w - 35. Give f(14).
-875
Let l(r) = 50743*r + 50746. Calculate l(-1).
3
Let f(j) = j**3 + 195*j**2 + 9300*j - 2648. Calculate f(-111).
16
Let y(n) = 3*n**2 + 88*n - 47994. What is y(-142)?
2
Let i(s) = -s**3 - 42*s**2 + 408*s + 19046. What is i(-40)?
-474
Let b(m) = 518*m - 91736. What is b(177)?
-50
Let l(w) = -28*w**2 + 244*w - 64. Calculate l(8).
96
Let a(t) = -2*t**2 + 364*t + 40449. Give a(-78).
-111
Let o(d) = -d**3 - 36*d**2 + 379*d + 1108. Give o(-44).
-80
Let s(r) = 38*r**2 - 1481*r + 14561. Give s(10).
3551
Let o(m) = -2445*m - 787297. Give o(-322).
-7
Let t(j) = -109*j + 5117. What is t(62)?
-1641
Let m(u) = 13*u**2 - 911*u - 116757. Determine m(-66).
-3
Let n(a) = 2*a**2 - 1006*a - 8192. What is n(-8)?
-16
Let j(z) = -z**2 - 680*z - 30348. Determine j(-48).
-12
Let m(f) = 37*f - 1515. Determine m(55).
520
Let q(j) = -5*j**2 + 300*j + 1625. Determine q(-5).
0
Let r(x) = 1106*x + 2413. What is r(-3)?
-905
Let v(t) = -t**2 + 18321*t + 1823587. Calculate v(-99).
7
Let y(u) = 19520*u + 97622. Give y(-5).
22
Let f(b) = -2*b**3 + 25*b**2 + 102*b + 5. Calculate f(16).
-155
Let w(u) = -3234*u + 756756. Determine w(234).
0
Let v(q) = q**3 - 38*q**2 - 9*q + 12. Determine v(39).
1182
Let i(t) = -73600*t - 220799. Determine i(-3).
1
Let n(o) = 139516*o + 558083. What is n(-4)?
19
Let h(x) = -3732*x - 33591. What is h(-9)?
-3
Let n(f) = -f**3 - 22*f**2 - 86*f + 198. What is n(-16)?
38
Let o(s) = 551*s - 122280. Calculate o(221).
-509
Let v(q) = -q**3 + 6*q**2 + 1232*q + 352. What is v(-32)?
-160
Let y(s) = -6542*s - 45881. What is y(-6)?
-6629
Let j(l) = 788448*l - 4730683. Calculate j(6).
5
Let u(t) = 52965*t - 16. Give u(0).
-16
Let m(v) = -4*v**2 + 3079*v + 12418. Determine m(-4).
38
Let v(x) = 107750*x - 17778744. Calculate v(165).
6
Let z(k) = -3522*k**2 - 35225*k - 18. Determine z(-10).
32
Let v(i) = -i**2 + 4*i + 3987. What is v(-62)?
-105
Let y(a) = -217*a**2 - 813*a - 39. Determine y(-4).
-259
Let q(v) = 93*v**2 - 375*v + 1586. What is q(4)?
1574
Let c(k) = -2*k**2 - 163*k - 1022. What is c(-75)?
-47
Let p(r) = -167*r**2 - 4724*r - 9939. Determine p(-26).
-7
Let a(z) = -z**2 - 279*z - 18546. Determine a(-117).
408
Let y(c) = 51*c**2 + 5738*c + 2922. What is y(-112)?
10
Let x(t) = 96*t + 2287. What is x(-32)?
-785
Let c(f) = -9120*f**2 + 255362*f - 58. Give c(28).
-2
Let r(d) = d**3 - 122*d**2 - 449*d + 9290. Determine r(125).
40
Let j(h) = 10*h**3 - 122*h**2 + 17*h - 4. Determine j(12).
-88
Let o(z) = -13*z**2 - 17717*z - 123864. Calculate o(-7).
-482
Let h(t) = 3*t**2 - 1150*t - 27040. Calculate h(-23).
997
Let a(l) = 929*l + 314045. Calculate a(-338).
43
Let z(q) = 52*q - 203. Give z(1).
-151
Let u(r) = -21*r**2 - 1084*r - 8456. What is u(-42)?
28
Let k(j) = -5*j**2 - 100*j + 4697. Determine k(-42).
77
Let g(y) = -y**3 - 10*y**2 - 161*y - 2547. Determine g(-15).
993
Let l(k) = 70973*k + 496795. Calculate l(-7).
-16
Let a(p) = 694*p + 11931. Calculate a(-17).
133
Let c(r) = 73*r - 609. What is c(-6)?
-1047
Let u(s) = s**3 + 21*s**2 - 44*s - 102. Determine u(-22).
382
Let n(t) = -2*t**3 + 49*t**2 - 301*t + 363. What is n(7)?
-29
Let w(i) = -2223*i + 6598. Calculate w(3).
-71
Let v(g) = -33*g**2 + 534*g - 138. Determine v(16).
-42
Let b(t) = 9*t**3 - 527*t**2 - 308*t + 4193. Calculate b(59).
-55
Let s(f) = -5938*f - 1591406. Calculate s(-268).
-22
Let z(k) = 445*k + 128695. Calculate z(-289).
90
Let c(l) = -70*l**3 + 140*l**2 + 124*l - 249. What is c(2)?
-1
Let x(p) = 39896*p + 2393757. Determine x(-60).
-3
Let q(s) = 1011*s**2 - 465*s - 2. Determine q(-1).
1474
Let v(k) = 100*k - 3707. What is v(32)?
-507
Let j(b) = 91*b**2 - 95*b - 200. Calculate j(-3).
904
Let d(w) = 10220*w + 71528. Determine d(-7).
-12
Let n(w) = -178*w - 25110. Determine n(-133).
-1436
Let o(m) = -261*m**2 + 7305*m + 56. Calculate o(28).
-28
Let v(y) = y**3 - y**2 - 176*y + 833. Give v(5).
53
Let z(v) = -2600*v - 12885. What is z(-5)?
115
Let v(z) = 4*z**3 - 7427*z**2 - 22277*z - 1. Calculate v(-3).
-121
Let k(m) = -11635*m + 314096. Determine k(27).
-49
Let o(p) = p**2 - 19159*p + 821998. Give o(43).
10
Let b(q) = 3114750*q - 12459012. Determine b(4).
-12
Let n(o) = 13*o**2 - 793*o - 23703. Calculate n(-22).
35
Let t(k) = 242*k**3 - 828*k**2 + 827*k. Calculate t(1).
241
Let v(y) = y**3 + 134*y**2 + 276*y + 1875. What is v(-132)?
291
Let m(p) = 4*p**3 + 4*p**2 - 19*p + 20. Determine m(4).
264
Let m(a) = -159*a**2 - 23377*a + 94. Determine m(-147).
682
Let y(i) = -3937*i - 1783457. Calculate y(-453).
4
Let y(p) = 6375*p + 2352401. Calculate y(-369).
26
Let t(p) = -p**3 + 90*p**2 - 321*p - 2679. Give t(8).
1
Let l(r) = r**3 - 9*r**2 - 449*r + 2917. Determine l(23).
-4
Let w(d) = 79*d**2 + 2200*d - 306. Determine w(-28).
30
Let y(h) = -h**3 - 30*h**2 - 221*h + 125. Calculate y(-14).
83
Let p(w) = 38*w**2 + 921*w + 218. Calculate p(-24).
2
Let z(k) = 13*k**2 - 3985*k + 7029. Give z(305).
929
Let n(s) = -36*s**3 - 183*s**2 - 169*s - 5. Determine n(-1).
17
Let j(b) = 77690*b + 2175337. What is j(-28)?
17
Let h(u) = -u**3 + 106*u**2 + 13828*u - 309. What is h(-76)?
-5
Let j(c) = 18*c**3 - 13031*c**2 - 726*c + 1425. Give j(724).
-23
Let i(b) = 27*b**2 + 338*b - 1002. Determine i(-15).
3
Let m(s) = 22*s**2 + 316*s + 896. Determine m(-10).
-64
Let d(b) = -b**3 + 208*b**2 + 367*b - 32860. Determine d(209).
162
Let b(g) = 21*g**2 + 5427*g - 27666. Determine b(5).
-6
Let w(c) = c**2 - 6944*c - 1260557. Give w(-177).
-140
Let g(d) = -d**3 + 47*d**2 - 25*d + 18184. Calculate g(53).
5
Let z(r) = -2*r**3 - 46*r**2 - 1702*r - 48314. What is z(-26)?
-6
Let a(p) = 39030*p + 663233. Give a(-17).
-277
Let v(h) = -155*h + 7213. What is v(43)?
548
Let g(z) = -5*z**2 - 92*z - 653. What is g(-5)?
-318
Let g(d) = 45409*d + 11079799. What is g(-244)?
3
Let n(d) = -86*d**2 - 3092*d + 170. Calculate n(-36).
26
Let p(l) = l**3 - 85*l**2 - 271*l + 450. Determine p(88).
-166
Let j(g) = 65083*g - 195373. Calculate j(3).
-124
Let y(j) = -18051*j - 180518. What is y(-10)?
-8
Let x(u) = -16*u**2 - 162*u + 62. What is x(-16)?
-1442
Let d(n) = 70922*n + 851078. Determine d(-12).
14
Let s(z) = 55*z**2 - 1350*z - 5440. What is s(-4)?
840
Let r(v) = 2*v**3 + 2*v**2 + 16284*v - 33. What is r(0)?
-33
Let a(w) = 32156*w - 675196.